09
What are the prime factors of 652?
2, 163
What are the prime factors of 5786?
2, 11, 263
What are the prime factors of 370?
2, 5, 37
List the prime factors of 17423.
7, 19, 131
What are the prime factors of 2022?
2, 3, 337
List the prime factors of 2147.
19, 113
What are the prime factors of 28?
2, 7
What are the prime factors of 78430?
2, 5, 11, 23, 31
What are the prime factors of 13611?
3, 13, 349
What are the prime factors of 1660?
2, 5, 83
What are the prime factors of 8997?
3, 2999
What are the prime factors of 2196?
2, 3, 61
What are the prime factors of 2696?
2, 337
What are the prime factors of 378?
2, 3, 7
List the prime factors of 36185.
5, 7237
What are the prime factors of 2268?
2, 3, 7
What are the prime factors of 108176?
2, 6761
What are the prime factors of 73077?
3, 24359
List the prime factors of 1441.
11, 131
What are the prime factors of 11586?
2, 3, 1931
What are the prime factors of 30974?
2, 17, 911
List the prime factors of 523.
523
List the prime factors of 6.
2, 3
What are the prime factors of 32859?
3, 1217
What are the prime factors of 291?
3, 97
List the prime factors of 5792.
2, 181
List the prime factors of 3440.
2, 5, 43
What are the prime factors of 72441?
3, 2683
What are the prime factors of 4345?
5, 11, 79
List the prime factors of 6097.
7, 13, 67
List the prime factors of 32108.
2, 23, 349
List the prime factors of 1335.
3, 5, 89
List the prime factors of 27095.
5, 5419
What are the prime factors of 6154?
2, 17, 181
What are the prime factors of 10154?
2, 5077
What are the prime factors of 7315?
5, 7, 11, 19
List the prime factors of 3267.
3, 11
List the prime factors of 3274.
2, 1637
What are the prime factors of 602?
2, 7, 43
List the prime factors of 866.
2, 433
What are the prime factors of 92830?
2, 5, 9283
List the prime factors of 585.
3, 5, 13
What are the prime factors of 19549?
113, 173
List the prime factors of 129137.
29, 61, 73
What are the prime factors of 7291?
23, 317
What are the prime factors of 2141?
2141
List the prime factors of 152.
2, 19
What are the prime factors of 39404?
2, 9851
List the prime factors of 9650.
2, 5, 193
List the prime factors of 1784.
2, 223
List the prime factors of 37522.
2, 73, 257
What are the prime factors of 33549?
3, 53, 211
What are the prime factors of 1110?
2, 3, 5, 37
List the prime factors of 42632.
2, 73
List the prime factors of 7359.
3, 11, 223
What are the prime factors of 171?
3, 19
What are the prime factors of 606?
2, 3, 101
List the prime factors of 24875.
5, 199
List the prime factors of 29570.
2, 5, 2957
What are the prime factors of 20516?
2, 23, 223
What are the prime factors of 2227?
17, 131
List the prime factors of 41326.
2, 20663
What are the prime factors of 37720?
2, 5, 23, 41
What are the prime factors of 1599?
3, 13, 41
What are the prime factors of 983?
983
What are the prime factors of 9398?
2, 37, 127
List the prime factors of 47831.
7, 6833
What are the prime factors of 71537?
71537
List the prime factors of 3068.
2, 13, 59
List the prime factors of 4065.
3, 5, 271
List the prime factors of 14699.
14699
What are the prime factors of 1456?
2, 7, 13
List the prime factors of 552.
2, 3, 23
What are the prime factors of 1565?
5, 313
List the prime factors of 1258.
2, 17, 37
What are the prime factors of 73210?
2, 5, 7321
List the prime factors of 19048.
2, 2381
What are the prime factors of 11954?
2, 43, 139
List the prime factors of 5527.
5527
What are the prime factors of 13173?
3, 4391
What are the prime factors of 1109?
1109
List the prime factors of 301.
7, 43
What are the prime factors of 12597?
3, 13, 17, 19
List the prime factors of 3166.
2, 1583
List the prime factors of 108700.
2, 5, 1087
What are the prime factors of 38593?
38593
What are the prime factors of 8506?
2, 4253
What are the prime factors of 2677?
2677
What are the prime factors of 13489?
7, 41, 47
What are the prime factors of 106924?
2, 26731
List the prime factors of 120080.
2, 5, 19, 79
List the prime factors of 50183.
7, 67, 107
What are the prime factors of 2752?
2, 43
List the prime factors of 5004.
2, 3, 139
What are the prime factors of 53660?
2, 5, 2683
What are the prime factors of 45955?
5, 7, 13, 101
What are the prime factors of 14493?
3, 4831
What are the prime factors of 238?
2, 7, 17
What are the prime factors of 3061?
3061
What are the prime factors of 1579?
1579
What are the prime factors of 273?
3, 7, 13
List the prime factors of 9101.
19, 479
List the prime factors of 1667.
1667
List the prime factors of 35487.
3, 3943
What are the prime factors of 4609?
11, 419
List the prime factors of 3772.
2, 23, 41
List the prime factors of 3873.
3, 1291
What are the prime factors of 344?
2, 43
What are the prime factors of 16383?
3, 43, 127
What are the prime factors of 262?
2, 131
What are the prime factors of 4217?
4217
What are the prime factors of 53432?
2, 6679
What are the prime factors of 136713?
3, 199, 229
List the prime factors of 44118.
2, 3, 19, 43
List the prime factors of 1091.
1091
List the prime factors of 4580.
2, 5, 229
What are the prime factors of 89957?
7, 71, 181
What are the prime factors of 512?
2
List the prime factors of 99702.
2, 3, 29, 191
What are the prime factors of 112863?
3, 17, 2213
List the prime factors of 3439.
19, 181
What are the prime factors of 377?
13, 29
What are the prime factors of 5553?
3, 617
What are the prime factors of 13014?
2, 3, 241
List the prime factors of 14322.
2, 3, 7, 11, 31
What are the prime factors of 18753?
3, 7, 19, 47
List the prime factors of 796.
2, 199
What are the prime factors of 91006?
2, 45503
What are the prime factors of 29816?
2, 3727
What are the prime factors of 2738?
2, 37
What are the prime factors of 158?
2, 79
What are the prime factors of 2594?
2, 1297
List the prime factors of 10846.
2, 11, 17, 29
What are the prime factors of 1722?
2, 3, 7, 41
What are the prime factors of 1002?
2, 3, 167
What are the prime factors of 39417?
3, 7, 1877
What are the prime factors of 1804?
2, 11, 41
List the prime factors of 10761.
3, 17, 211
List the prime factors of 4875.
3, 5, 13
List the prime factors of 18940.
2, 5, 947
What are the prime factors of 2759?
31, 89
List the prime factors of 331.
331
List the prime factors of 811.
811
List the prime factors of 127.
127
List the prime factors of 1950.
2, 3, 5, 13
What are the prime factors of 47426?
2, 23, 1031
List the prime factors of 64992.
2, 3, 677
List the prime factors of 67688.
2, 8461
What are the prime factors of 455?
5, 7, 13
What are the prime factors of 47907?
3, 5323
What are the prime factors of 9409?
97
What are the prime factors of 22107?
3, 7369
What are the prime factors of 78450?
2, 3, 5, 523
List the prime factors of 1640.
2, 5, 41
What are the prime factors of 2478?
2, 3, 7, 59
List the prime factors of 94135.
5, 67, 281
List the prime factors of 77036.
2, 19259
List the prime factors of 26227.
26227
What are the prime factors of 943?
23, 41
List the prime factors of 341.
11, 31
What are the prime factors of 20572?
2, 37, 139
What are the prime factors of 3267?
3, 11
List the prime factors of 83415.
3, 5, 67, 83
List the prime factors of 201.
3, 67
What are the prime factors of 2607?
3, 11, 79
What are the prime factors of 28179?
3, 31, 101
What are the prime factors of 237?
3, 79
List the prime factors of 41545.
5, 7, 1187
What are the prime factors of 7224?
2, 3, 7, 43
List the prime factors of 168012.
2, 3, 13, 359
What are the prime factors of 33454?
2, 43, 389
List the prime factors of 7863.
3, 2621
What are the prime factors of 25823?
7, 17, 31
List the prime factors of 32128.
2, 251
What are the prime factors of 1650?
2, 3, 5, 11
What are the prime factors of 5510?
2, 5, 19, 29
What are the prime factors of 8836?
2, 47
What are the prime factors of 14290?
2, 5, 1429
List the prime factors of 56016.
2, 3, 389
What are the prime factors of 367?
367
What are the prime factors of 3086?
2, 1543
List the prime factors of 2035.
5, 11, 37
List the prime factors of 1752.
2, 3, 73
List the prime factors of 747.
3, 83
What are the prime factors of 2369?
23, 103
What are the prime factors of 63622?
2, 13, 2447
List the prime factors of 991.
991
What are the prime factors of 2428?
2, 607
List the prime factors of 